[INFO] fetching crate datachannel 0.1.2...
[INFO] checking datachannel-0.1.2 against try#72f88fc4e9458f89516a0b8b0868f3718aec5b47 for pr-74989
[INFO] extracting crate datachannel 0.1.2 into /workspace/builds/worker-0/source
[INFO] validating manifest of crates.io crate datachannel 0.1.2 on toolchain 72f88fc4e9458f89516a0b8b0868f3718aec5b47
[INFO] running `Command { std: "/workspace/cargo-home/bin/cargo" "+72f88fc4e9458f89516a0b8b0868f3718aec5b47" "read-manifest" "--manifest-path" "Cargo.toml", kill_on_drop: false }`
[INFO] started tweaking crates.io crate datachannel 0.1.2
[INFO] finished tweaking crates.io crate datachannel 0.1.2
[INFO] tweaked toml for crates.io crate datachannel 0.1.2 written to /workspace/builds/worker-0/source/Cargo.toml
[INFO] running `Command { std: "/workspace/cargo-home/bin/cargo" "+72f88fc4e9458f89516a0b8b0868f3718aec5b47" "generate-lockfile" "--manifest-path" "Cargo.toml" "-Zno-index-update", kill_on_drop: false }`
[INFO] running `Command { std: "/workspace/cargo-home/bin/cargo" "+72f88fc4e9458f89516a0b8b0868f3718aec5b47" "fetch" "--locked" "--manifest-path" "Cargo.toml", kill_on_drop: false }`
[INFO] [stderr]  Downloading crates ...
[INFO] [stderr]   Downloaded async-tungstenite v0.8.0
[INFO] [stderr]   Downloaded webrtc-sdp v0.3.6
[INFO] [stderr]   Downloaded datachannel-sys v0.8.0
[INFO] running `Command { std: "docker" "create" "-v" "/var/lib/crater-agent-workspace/builds/worker-0/target:/opt/rustwide/target:rw,Z" "-v" "/var/lib/crater-agent-workspace/builds/worker-0/source:/opt/rustwide/workdir:ro,Z" "-v" "/var/lib/crater-agent-workspace/cargo-home:/opt/rustwide/cargo-home:ro,Z" "-v" "/var/lib/crater-agent-workspace/rustup-home:/opt/rustwide/rustup-home:ro,Z" "-e" "SOURCE_DIR=/opt/rustwide/workdir" "-e" "CARGO_TARGET_DIR=/opt/rustwide/target" "-e" "CARGO_HOME=/opt/rustwide/cargo-home" "-e" "RUSTUP_HOME=/opt/rustwide/rustup-home" "-w" "/opt/rustwide/workdir" "-m" "1610612736" "--user" "0:0" "--network" "none" "rustops/crates-build-env@sha256:d92eaeed33fa75130ca1ee6c8a01d1ffb62bac859dfdfb3450e3e5d1c0146529" "/opt/rustwide/cargo-home/bin/cargo" "+72f88fc4e9458f89516a0b8b0868f3718aec5b47" "metadata" "--no-deps" "--format-version=1", kill_on_drop: false }`
[INFO] [stdout] 465dd99351edc65e16b537b1f21d2c88c0b5cf545ec42fa93c016bb0b3eee74a
[INFO] [stderr] WARNING: Your kernel does not support swap limit capabilities or the cgroup is not mounted. Memory limited without swap.
[INFO] running `Command { std: "docker" "start" "-a" "465dd99351edc65e16b537b1f21d2c88c0b5cf545ec42fa93c016bb0b3eee74a", kill_on_drop: false }`
[INFO] running `Command { std: "docker" "inspect" "465dd99351edc65e16b537b1f21d2c88c0b5cf545ec42fa93c016bb0b3eee74a", kill_on_drop: false }`
[INFO] running `Command { std: "docker" "rm" "-f" "465dd99351edc65e16b537b1f21d2c88c0b5cf545ec42fa93c016bb0b3eee74a", kill_on_drop: false }`
[INFO] [stdout] 465dd99351edc65e16b537b1f21d2c88c0b5cf545ec42fa93c016bb0b3eee74a
[INFO] running `Command { std: "docker" "create" "-v" "/var/lib/crater-agent-workspace/builds/worker-0/target:/opt/rustwide/target:rw,Z" "-v" "/var/lib/crater-agent-workspace/builds/worker-0/source:/opt/rustwide/workdir:ro,Z" "-v" "/var/lib/crater-agent-workspace/cargo-home:/opt/rustwide/cargo-home:ro,Z" "-v" "/var/lib/crater-agent-workspace/rustup-home:/opt/rustwide/rustup-home:ro,Z" "-e" "SOURCE_DIR=/opt/rustwide/workdir" "-e" "CARGO_TARGET_DIR=/opt/rustwide/target" "-e" "CARGO_INCREMENTAL=0" "-e" "RUST_BACKTRACE=full" "-e" "RUSTFLAGS=--cap-lints=forbid" "-e" "CARGO_HOME=/opt/rustwide/cargo-home" "-e" "RUSTUP_HOME=/opt/rustwide/rustup-home" "-w" "/opt/rustwide/workdir" "-m" "1610612736" "--user" "0:0" "--network" "none" "rustops/crates-build-env@sha256:d92eaeed33fa75130ca1ee6c8a01d1ffb62bac859dfdfb3450e3e5d1c0146529" "/opt/rustwide/cargo-home/bin/cargo" "+72f88fc4e9458f89516a0b8b0868f3718aec5b47" "check" "--frozen" "--all" "--all-targets" "--message-format=json", kill_on_drop: false }`
[INFO] [stderr] WARNING: Your kernel does not support swap limit capabilities or the cgroup is not mounted. Memory limited without swap.
[INFO] [stdout] 332c96dbd8c27c94080ccb0fce6921df50a30d2f988e1ea7321573264e0d465f
[INFO] running `Command { std: "docker" "start" "-a" "332c96dbd8c27c94080ccb0fce6921df50a30d2f988e1ea7321573264e0d465f", kill_on_drop: false }`
[INFO] [stderr]     Checking cfg-if v0.1.10
[INFO] [stderr]    Compiling version_check v0.9.2
[INFO] [stderr]     Checking lazy_static v1.4.0
[INFO] [stderr]    Compiling glob v0.3.0
[INFO] [stderr]    Compiling getrandom v0.1.15
[INFO] [stderr]    Compiling typenum v1.12.0
[INFO] [stderr]     Checking tinyvec v0.3.4
[INFO] [stderr]    Compiling unicode-width v0.1.8
[INFO] [stderr]    Compiling quick-error v1.2.3
[INFO] [stderr]     Checking matches v0.1.8
[INFO] [stderr]    Compiling bindgen v0.54.0
[INFO] [stderr]    Compiling vec_map v0.8.2
[INFO] [stderr]    Compiling ansi_term v0.11.0
[INFO] [stderr]    Compiling strsim v0.8.0
[INFO] [stderr]    Compiling termcolor v1.1.0
[INFO] [stderr]    Compiling lazycell v1.3.0
[INFO] [stderr]     Checking percent-encoding v2.1.0
[INFO] [stderr]     Checking bytes v0.5.6
[INFO] [stderr]    Compiling peeking_take_while v0.1.2
[INFO] [stderr]    Compiling rustc-hash v1.1.0
[INFO] [stderr]    Compiling pin-project-internal v0.4.23
[INFO] [stderr]     Checking ppv-lite86 v0.2.9
[INFO] [stderr]    Compiling shlex v0.1.1
[INFO] [stderr]     Checking foreign-types-shared v0.1.1
[INFO] [stderr]    Compiling byteorder v1.3.4
[INFO] [stderr]    Compiling httparse v1.3.4
[INFO] [stderr]    Compiling proc-macro-nested v0.1.6
[INFO] [stderr]    Compiling openssl v0.10.30
[INFO] [stderr]     Checking slab v0.4.2
[INFO] [stderr]     Checking cpuid-bool v0.1.2
[INFO] [stderr]     Checking once_cell v1.4.1
[INFO] [stderr]    Compiling ryu v1.0.5
[INFO] [stderr]     Checking fnv v1.0.7
[INFO] [stderr]     Checking futures-core v0.3.5
[INFO] [stderr]     Checking opaque-debug v0.3.0
[INFO] [stderr]     Checking scopeguard v1.1.0
[INFO] [stderr]    Compiling maybe-uninit v2.0.0
[INFO] [stderr]    Compiling proc-macro-hack v0.5.18
[INFO] [stderr]     Checking cache-padded v1.1.1
[INFO] [stderr]     Checking pin-project-lite v0.1.7
[INFO] [stderr]     Checking pin-utils v0.1.0
[INFO] [stderr]     Checking futures-sink v0.3.5
[INFO] [stderr]     Checking futures-io v0.3.5
[INFO] [stderr]     Checking event-listener v2.4.0
[INFO] [stderr]    Compiling crossbeam-utils v0.7.2
[INFO] [stderr]    Compiling libloading v0.5.2
[INFO] [stderr]    Compiling cmake v0.1.44
[INFO] [stderr]    Compiling openssl-sys v0.9.58
[INFO] [stderr]    Compiling humantime v1.3.0
[INFO] [stderr]     Checking unicode-bidi v0.3.4
[INFO] [stderr]     Checking thread_local v1.0.1
[INFO] [stderr]    Compiling textwrap v0.11.0
[INFO] [stderr]     Checking foreign-types v0.3.2
[INFO] [stderr]     Checking unicode-normalization v0.1.13
[INFO] [stderr]     Checking input_buffer v0.3.1
[INFO] [stderr]     Checking http v0.2.1
[INFO] [stderr]     Checking futures-task v0.3.5
[INFO] [stderr]    Compiling nom v5.1.2
[INFO] [stderr]    Compiling generic-array v0.14.4
[INFO] [stderr]     Checking lock_api v0.4.1
[INFO] [stderr]     Checking concurrent-queue v1.2.2
[INFO] [stderr]    Compiling memchr v2.3.3
[INFO] [stderr]     Checking log v0.4.11
[INFO] [stderr]    Compiling bitflags v1.2.1
[INFO] [stderr]    Compiling clang-sys v0.29.3
[INFO] [stderr]     Checking net2 v0.2.35
[INFO] [stderr]     Checking iovec v0.1.4
[INFO] [stderr]     Checking parking_lot_core v0.8.0
[INFO] [stderr]    Compiling atty v0.2.14
[INFO] [stderr]    Compiling which v3.1.1
[INFO] [stderr]     Checking async-channel v1.4.2
[INFO] [stderr]    Compiling clap v2.33.3
[INFO] [stderr]     Checking regex v1.3.9
[INFO] [stderr]    Compiling syn v1.0.40
[INFO] [stderr]     Checking rand_core v0.5.1
[INFO] [stderr]    Compiling aho-corasick v0.7.13
[INFO] [stderr]     Checking parking_lot v0.11.0
[INFO] [stderr]     Checking mio v0.6.22
[INFO] [stderr]     Checking idna v0.2.0
[INFO] [stderr]     Checking rand_chacha v0.2.2
[INFO] [stderr]     Checking crossbeam-channel v0.4.4
[INFO] [stderr]     Checking rand v0.7.3
[INFO] [stderr]     Checking digest v0.9.0
[INFO] [stderr]     Checking block-buffer v0.9.0
[INFO] [stderr]     Checking url v2.1.1
[INFO] [stderr]     Checking env_logger v0.7.1
[INFO] [stderr]     Checking sha-1 v0.9.1
[INFO] [stderr]     Checking tungstenite v0.11.1
[INFO] [stderr]     Checking webrtc-sdp v0.3.6
[INFO] [stderr]    Compiling cexpr v0.4.0
[INFO] [stderr]    Compiling serde_derive v1.0.116
[INFO] [stderr]    Compiling futures-macro v0.3.5
[INFO] [stderr]    Compiling tokio-macros v0.2.5
[INFO] [stderr]    Compiling derivative v2.1.1
[INFO] [stderr]     Checking tokio v0.2.22
[INFO] [stderr]     Checking pin-project v0.4.23
[INFO] [stderr]     Checking futures-util v0.3.5
[INFO] [stderr]    Compiling datachannel-sys v0.8.0
[INFO] [stderr]     Checking serde v1.0.116
[INFO] [stderr]     Checking async-tungstenite v0.8.0
[INFO] [stderr]     Checking uuid v0.8.1
[INFO] [stderr]     Checking serde_json v1.0.57
[INFO] [stderr] error: failed to run custom build command for `datachannel-sys v0.8.0`
[INFO] [stderr] 
[INFO] [stderr] Caused by:
[INFO] [stderr]   process didn't exit successfully: `/opt/rustwide/target/debug/build/datachannel-sys-ebf1f41f6e6633c7/build-script-build` (exit code: 101)
[INFO] [stderr]   --- stdout
[INFO] [stderr]   running: "cmake" "/opt/rustwide/cargo-home/registry/src/github.com-1ecc6299db9ec823/datachannel-sys-0.8.0/libdatachannel" "-DNO_WEBSOCKET=ON" "-DNO_EXAMPLES=ON" "-DCMAKE_INSTALL_PREFIX=/opt/rustwide/target/debug/build/datachannel-sys-31afe160a44ac340/out" "-DCMAKE_C_FLAGS= -ffunction-sections -fdata-sections -fPIC -m64" "-DCMAKE_C_COMPILER=/usr/bin/cc" "-DCMAKE_CXX_FLAGS= -ffunction-sections -fdata-sections -fPIC -m64" "-DCMAKE_CXX_COMPILER=/usr/bin/c++" "-DCMAKE_ASM_FLAGS= -ffunction-sections -fdata-sections -fPIC -m64" "-DCMAKE_ASM_COMPILER=/usr/bin/cc" "-DCMAKE_BUILD_TYPE=Debug"
[INFO] [stderr]   -- The CXX compiler identification is GNU 9.3.0
[INFO] [stderr]   -- Check for working CXX compiler: /usr/bin/c++
[INFO] [stderr]   -- Check for working CXX compiler: /usr/bin/c++ -- works
[INFO] [stderr]   -- Detecting CXX compiler ABI info
[INFO] [stderr]   -- Detecting CXX compiler ABI info - done
[INFO] [stderr]   -- Detecting CXX compile features
[INFO] [stderr]   -- Detecting CXX compile features - done
[INFO] [stderr]   -- Looking for C++ include pthread.h
[INFO] [stderr]   -- Looking for C++ include pthread.h - found
[INFO] [stderr]   -- Performing Test CMAKE_HAVE_LIBC_PTHREAD
[INFO] [stderr]   -- Performing Test CMAKE_HAVE_LIBC_PTHREAD - Failed
[INFO] [stderr]   -- Check if compiler accepts -pthread
[INFO] [stderr]   -- Check if compiler accepts -pthread - yes
[INFO] [stderr]   -- Found Threads: TRUE  
[INFO] [stderr]   -- The C compiler identification is GNU 9.3.0
[INFO] [stderr]   -- Check for working C compiler: /usr/bin/cc
[INFO] [stderr]   -- Check for working C compiler: /usr/bin/cc -- works
[INFO] [stderr]   -- Detecting C compiler ABI info
[INFO] [stderr]   -- Detecting C compiler ABI info - done
[INFO] [stderr]   -- Detecting C compile features
[INFO] [stderr]   -- Detecting C compile features - done
[INFO] [stderr]   -- Looking for include file sys/queue.h
[INFO] [stderr]   -- Looking for include file sys/queue.h - found
[INFO] [stderr]   -- Looking for include files sys/socket.h, linux/if_addr.h
[INFO] [stderr]   -- Looking for include files sys/socket.h, linux/if_addr.h - found
[INFO] [stderr]   -- Looking for include files sys/socket.h, linux/rtnetlink.h
[INFO] [stderr]   -- Looking for include files sys/socket.h, linux/rtnetlink.h - found
[INFO] [stderr]   -- Looking for 4 include files sys/types.h, ..., netinet/ip_icmp.h
[INFO] [stderr]   -- Looking for 4 include files sys/types.h, ..., netinet/ip_icmp.h - found
[INFO] [stderr]   -- Looking for include file stdatomic.h
[INFO] [stderr]   -- Looking for include file stdatomic.h - found
[INFO] [stderr]   -- Looking for usrsctp.h
[INFO] [stderr]   -- Looking for usrsctp.h - found
[INFO] [stderr]   -- Performing Test have_sa_len
[INFO] [stderr]   -- Performing Test have_sa_len - Failed
[INFO] [stderr]   -- Performing Test have_sin_len
[INFO] [stderr]   -- Performing Test have_sin_len - Failed
[INFO] [stderr]   -- Performing Test have_sin6_len
[INFO] [stderr]   -- Performing Test have_sin6_len - Failed
[INFO] [stderr]   -- Performing Test have_sconn_len
[INFO] [stderr]   -- Performing Test have_sconn_len - Failed
[INFO] [stderr]   -- Performing Test has_wfloat_equal
[INFO] [stderr]   -- Performing Test has_wfloat_equal - Success
[INFO] [stderr]   -- Performing Test has_wshadow
[INFO] [stderr]   -- Performing Test has_wshadow - Success
[INFO] [stderr]   -- Performing Test has_wpointer_aritih
[INFO] [stderr]   -- Performing Test has_wpointer_aritih - Success
[INFO] [stderr]   -- Performing Test has_wunreachable_code
[INFO] [stderr]   -- Performing Test has_wunreachable_code - Success
[INFO] [stderr]   -- Performing Test has_winit_self
[INFO] [stderr]   -- Performing Test has_winit_self - Success
[INFO] [stderr]   -- Performing Test has_wno_unused_function
[INFO] [stderr]   -- Performing Test has_wno_unused_function - Success
[INFO] [stderr]   -- Performing Test has_wno_unused_parameter
[INFO] [stderr]   -- Performing Test has_wno_unused_parameter - Success
[INFO] [stderr]   -- Performing Test has_wno_unreachable_code
[INFO] [stderr]   -- Performing Test has_wno_unreachable_code - Success
[INFO] [stderr]   -- Performing Test has_wstrict_prototypes
[INFO] [stderr]   -- Performing Test has_wstrict_prototypes - Success
[INFO] [stderr]   -- Compiler flags (CMAKE_C_FLAGS):  -ffunction-sections -fdata-sections -fPIC -m64 -std=c99 -pedantic -Wall -Wextra -Wfloat-equal -Wshadow -Wpointer-arith -Wunreachable-code -Winit-self -Wno-unused-function -Wno-unused-parameter -Wno-unreachable-code -Wstrict-prototypes -Werror
[INFO] [stderr]   -- Performing Test has_wno_address_of_packed_member
[INFO] [stderr]   -- Performing Test has_wno_address_of_packed_member - Success
[INFO] [stderr]   -- Performing Test has_wno_deprecated_declarations
[INFO] [stderr]   -- Performing Test has_wno_deprecated_declarations - Success
[INFO] [stderr]   -- Found OpenSSL: /usr/lib/x86_64-linux-gnu/libcrypto.so (found version "1.1.1f")  
[INFO] [stderr]   -- Configuring done
[INFO] [stderr]   -- Generating done
[INFO] [stderr]   -- Build files have been written to: /opt/rustwide/target/debug/build/datachannel-sys-31afe160a44ac340/out/build
[INFO] [stderr]   running: "cmake" "--build" "." "--target" "install" "--config" "Debug" "--"
[INFO] [stderr]   Scanning dependencies of target juice-static
[INFO] [stderr]   Scanning dependencies of target usrsctp-static
[INFO] [stderr]   [  2%] Building C object deps/libjuice/CMakeFiles/juice-static.dir/src/addr.c.o
[INFO] [stderr]   [  2%] Building C object deps/libjuice/CMakeFiles/juice-static.dir/src/crc32.c.o
[INFO] [stderr]   [  4%] Building C object deps/libjuice/CMakeFiles/juice-static.dir/src/agent.c.o
[INFO] [stderr]   [  6%] Building C object deps/libjuice/CMakeFiles/juice-static.dir/src/ice.c.o
[INFO] [stderr]   [  6%] Building C object deps/usrsctp/usrsctplib/CMakeFiles/usrsctp-static.dir/netinet/sctp_asconf.c.o
[INFO] [stderr]   [ 10%] Building C object deps/libjuice/CMakeFiles/juice-static.dir/src/hmac.c.o
[INFO] [stderr]   [ 10%] Building C object deps/usrsctp/usrsctplib/CMakeFiles/usrsctp-static.dir/netinet/sctp_bsd_addr.c.o
[INFO] [stderr]   [ 12%] Building C object deps/usrsctp/usrsctplib/CMakeFiles/usrsctp-static.dir/netinet/sctp_cc_functions.c.o
[INFO] [stderr]   [ 14%] Building C object deps/libjuice/CMakeFiles/juice-static.dir/src/juice.c.o
[INFO] [stderr]   [ 16%] Building C object deps/usrsctp/usrsctplib/CMakeFiles/usrsctp-static.dir/netinet/sctp_callout.c.o
[INFO] [stderr]   [ 18%] Building C object deps/usrsctp/usrsctplib/CMakeFiles/usrsctp-static.dir/netinet/sctp_auth.c.o
[INFO] [stderr]   [ 18%] Building C object deps/usrsctp/usrsctplib/CMakeFiles/usrsctp-static.dir/netinet/sctp_indata.c.o
[INFO] [stderr]   [ 20%] Building C object deps/usrsctp/usrsctplib/CMakeFiles/usrsctp-static.dir/netinet/sctp_crc32.c.o
[INFO] [stderr]   [ 22%] Building C object deps/libjuice/CMakeFiles/juice-static.dir/src/log.c.o
[INFO] [stderr]   [ 24%] Building C object deps/libjuice/CMakeFiles/juice-static.dir/src/random.c.o
[INFO] [stderr]   [ 24%] Building C object deps/libjuice/CMakeFiles/juice-static.dir/src/stun.c.o
[INFO] [stderr]   [ 26%] Building C object deps/libjuice/CMakeFiles/juice-static.dir/src/udp.c.o
[INFO] [stderr]   [ 28%] Building C object deps/usrsctp/usrsctplib/CMakeFiles/usrsctp-static.dir/netinet/sctp_input.c.o
[INFO] [stderr]   [ 30%] Building C object deps/usrsctp/usrsctplib/CMakeFiles/usrsctp-static.dir/netinet/sctp_output.c.o
[INFO] [stderr]   [ 32%] Building C object deps/usrsctp/usrsctplib/CMakeFiles/usrsctp-static.dir/netinet/sctp_pcb.c.o
[INFO] [stderr]   [ 34%] Building C object deps/usrsctp/usrsctplib/CMakeFiles/usrsctp-static.dir/netinet/sctp_peeloff.c.o
[INFO] [stderr]   [ 36%] Building C object deps/usrsctp/usrsctplib/CMakeFiles/usrsctp-static.dir/netinet/sctp_sha1.c.o
[INFO] [stderr]   [ 36%] Building C object deps/usrsctp/usrsctplib/CMakeFiles/usrsctp-static.dir/netinet/sctp_ss_functions.c.o
[INFO] [stderr]   [ 38%] Building C object deps/usrsctp/usrsctplib/CMakeFiles/usrsctp-static.dir/netinet/sctp_sysctl.c.o
[INFO] [stderr]   [ 40%] Linking C static library libjuice-static.a
[INFO] [stderr]   [ 42%] Building C object deps/usrsctp/usrsctplib/CMakeFiles/usrsctp-static.dir/netinet/sctp_timer.c.o
[INFO] [stderr]   [ 44%] Building C object deps/usrsctp/usrsctplib/CMakeFiles/usrsctp-static.dir/netinet/sctp_userspace.c.o
[INFO] [stderr]   [ 44%] Built target juice-static
[INFO] [stderr]   [ 46%] Building C object deps/usrsctp/usrsctplib/CMakeFiles/usrsctp-static.dir/netinet/sctp_usrreq.c.o
[INFO] [stderr]   [ 48%] Building C object deps/usrsctp/usrsctplib/CMakeFiles/usrsctp-static.dir/netinet/sctputil.c.o
[INFO] [stderr]   [ 48%] Building C object deps/usrsctp/usrsctplib/CMakeFiles/usrsctp-static.dir/netinet6/sctp6_usrreq.c.o
[INFO] [stderr]   [ 50%] Building C object deps/usrsctp/usrsctplib/CMakeFiles/usrsctp-static.dir/user_environment.c.o
[INFO] [stderr]   [ 52%] Building C object deps/usrsctp/usrsctplib/CMakeFiles/usrsctp-static.dir/user_mbuf.c.o
[INFO] [stderr]   [ 54%] Building C object deps/usrsctp/usrsctplib/CMakeFiles/usrsctp-static.dir/user_recv_thread.c.o
[INFO] [stderr]   [ 56%] Building C object deps/usrsctp/usrsctplib/CMakeFiles/usrsctp-static.dir/user_socket.c.o
[INFO] [stderr]   [ 58%] Linking C static library libusrsctp.a
[INFO] [stderr]   [ 58%] Built target usrsctp-static
[INFO] [stderr]   Scanning dependencies of target datachannel
[INFO] [stderr]   [ 60%] Building CXX object CMakeFiles/datachannel.dir/src/channel.cpp.o
[INFO] [stderr]   [ 62%] Building CXX object CMakeFiles/datachannel.dir/src/datachannel.cpp.o
[INFO] [stderr]   [ 64%] Building CXX object CMakeFiles/datachannel.dir/src/configuration.cpp.o
[INFO] [stderr]   [ 64%] Building CXX object CMakeFiles/datachannel.dir/src/candidate.cpp.o
[INFO] [stderr]   [ 66%] Building CXX object CMakeFiles/datachannel.dir/src/dtlssrtptransport.cpp.o
[INFO] [stderr]   [ 68%] Building CXX object CMakeFiles/datachannel.dir/src/certificate.cpp.o
[INFO] [stderr]   [ 68%] Building CXX object CMakeFiles/datachannel.dir/src/description.cpp.o
[INFO] [stderr]   [ 70%] Building CXX object CMakeFiles/datachannel.dir/src/dtlstransport.cpp.o
[INFO] [stderr]   [ 72%] Building CXX object CMakeFiles/datachannel.dir/src/icetransport.cpp.o
[INFO] [stderr]   [ 74%] Building CXX object CMakeFiles/datachannel.dir/src/log.cpp.o
[INFO] [stderr]   [ 76%] Building CXX object CMakeFiles/datachannel.dir/src/init.cpp.o
[INFO] [stderr]   [ 78%] Building CXX object CMakeFiles/datachannel.dir/src/rtc.cpp.o
[INFO] [stderr]   [ 78%] Building CXX object CMakeFiles/datachannel.dir/src/peerconnection.cpp.o
[INFO] [stderr]   [ 80%] Building CXX object CMakeFiles/datachannel.dir/src/sctptransport.cpp.o
[INFO] [stderr]   [ 82%] Building CXX object CMakeFiles/datachannel.dir/src/tls.cpp.o
[INFO] [stderr]   [ 84%] Building CXX object CMakeFiles/datachannel.dir/src/threadpool.cpp.o
[INFO] [stderr] 
[INFO] [stderr]   --- stderr
[INFO] [stderr]   CMake Warning:
[INFO] [stderr]     Manually-specified variables were not used by the project:
[INFO] [stderr] 
[INFO] [stderr]       CMAKE_ASM_COMPILER
[INFO] [stderr]       CMAKE_ASM_FLAGS
[INFO] [stderr] 
[INFO] [stderr] 
[INFO] [stderr]   In file included from /opt/rustwide/cargo-home/registry/src/github.com-1ecc6299db9ec823/datachannel-sys-0.8.0/libdatachannel/deps/usrsctp/usrsctplib/netinet/sctp_os.h:74,
[INFO] [stderr]                    from /opt/rustwide/cargo-home/registry/src/github.com-1ecc6299db9ec823/datachannel-sys-0.8.0/libdatachannel/deps/usrsctp/usrsctplib/netinet/sctp_input.c:40:
[INFO] [stderr]   /opt/rustwide/cargo-home/registry/src/github.com-1ecc6299db9ec823/datachannel-sys-0.8.0/libdatachannel/deps/usrsctp/usrsctplib/netinet/sctp_input.c: In function 'sctp_process_control':
[INFO] [stderr]   /opt/rustwide/cargo-home/registry/src/github.com-1ecc6299db9ec823/datachannel-sys-0.8.0/libdatachannel/deps/usrsctp/usrsctplib/netinet/sctp_os_userspace.h:809:6: warning: '%s' directive output truncated writing 147 bytes into a region of size 122 [-Wformat-truncation=]
[INFO] [stderr]     809 |  if (snprintf(data, __VA_ARGS__) < 0) {     \
[INFO] [stderr]         |      ^~~~~~~~~~~~~~~~~~~~~~~~~~~
[INFO] [stderr]   /opt/rustwide/cargo-home/registry/src/github.com-1ecc6299db9ec823/datachannel-sys-0.8.0/libdatachannel/deps/usrsctp/usrsctplib/netinet/sctp_input.c:4926:5: note: in expansion of macro 'SCTP_SNPRINTF'
[INFO] [stderr]    4926 |     SCTP_SNPRINTF(msg, sizeof(msg), "OOTB, %s:%d at %s", __FILE__, __LINE__, __func__);
[INFO] [stderr]         |     ^~~~~~~~~~~~~
[INFO] [stderr]   /opt/rustwide/cargo-home/registry/src/github.com-1ecc6299db9ec823/datachannel-sys-0.8.0/libdatachannel/deps/usrsctp/usrsctplib/netinet/sctp_os_userspace.h:809:6: note: 'snprintf' output between 163 and 183 bytes into a destination of size 128
[INFO] [stderr]     809 |  if (snprintf(data, __VA_ARGS__) < 0) {     \
[INFO] [stderr]         |      ^~~~~~~~~~~~~~~~~~~~~~~~~~~
[INFO] [stderr]   /opt/rustwide/cargo-home/registry/src/github.com-1ecc6299db9ec823/datachannel-sys-0.8.0/libdatachannel/deps/usrsctp/usrsctplib/netinet/sctp_input.c:4926:5: note: in expansion of macro 'SCTP_SNPRINTF'
[INFO] [stderr]    4926 |     SCTP_SNPRINTF(msg, sizeof(msg), "OOTB, %s:%d at %s", __FILE__, __LINE__, __func__);
[INFO] [stderr]         |     ^~~~~~~~~~~~~
[INFO] [stderr]   /opt/rustwide/cargo-home/registry/src/github.com-1ecc6299db9ec823/datachannel-sys-0.8.0/libdatachannel/deps/usrsctp/usrsctplib/netinet/sctp_os_userspace.h:809:6: warning: '%s' directive output truncated writing 147 bytes into a region of size 122 [-Wformat-truncation=]
[INFO] [stderr]     809 |  if (snprintf(data, __VA_ARGS__) < 0) {     \
[INFO] [stderr]         |      ^~~~~~~~~~~~~~~~~~~~~~~~~~~
[INFO] [stderr]   /opt/rustwide/cargo-home/registry/src/github.com-1ecc6299db9ec823/datachannel-sys-0.8.0/libdatachannel/deps/usrsctp/usrsctplib/netinet/sctp_input.c:4882:4: note: in expansion of macro 'SCTP_SNPRINTF'
[INFO] [stderr]    4882 |    SCTP_SNPRINTF(msg, sizeof(msg), "OOTB, %s:%d at %s", __FILE__, __LINE__, __func__);
[INFO] [stderr]         |    ^~~~~~~~~~~~~
[INFO] [stderr]   /opt/rustwide/cargo-home/registry/src/github.com-1ecc6299db9ec823/datachannel-sys-0.8.0/libdatachannel/deps/usrsctp/usrsctplib/netinet/sctp_os_userspace.h:809:6: note: 'snprintf' output between 163 and 183 bytes into a destination of size 128
[INFO] [stderr]     809 |  if (snprintf(data, __VA_ARGS__) < 0) {     \
[INFO] [stderr]         |      ^~~~~~~~~~~~~~~~~~~~~~~~~~~
[INFO] [stderr]   /opt/rustwide/cargo-home/registry/src/github.com-1ecc6299db9ec823/datachannel-sys-0.8.0/libdatachannel/deps/usrsctp/usrsctplib/netinet/sctp_input.c:4882:4: note: in expansion of macro 'SCTP_SNPRINTF'
[INFO] [stderr]    4882 |    SCTP_SNPRINTF(msg, sizeof(msg), "OOTB, %s:%d at %s", __FILE__, __LINE__, __func__);
[INFO] [stderr]         |    ^~~~~~~~~~~~~
[INFO] [stderr]   /opt/rustwide/cargo-home/registry/src/github.com-1ecc6299db9ec823/datachannel-sys-0.8.0/libdatachannel/deps/usrsctp/usrsctplib/netinet/sctp_input.c: In function 'sctp_common_input_processing':
[INFO] [stderr]   /opt/rustwide/cargo-home/registry/src/github.com-1ecc6299db9ec823/datachannel-sys-0.8.0/libdatachannel/deps/usrsctp/usrsctplib/netinet/sctp_os_userspace.h:809:6: warning: '%s' directive output truncated writing 147 bytes into a region of size 122 [-Wformat-truncation=]
[INFO] [stderr]     809 |  if (snprintf(data, __VA_ARGS__) < 0) {     \
[INFO] [stderr]         |      ^~~~~~~~~~~~~~~~~~~~~~~~~~~
[INFO] [stderr]   /opt/rustwide/cargo-home/registry/src/github.com-1ecc6299db9ec823/datachannel-sys-0.8.0/libdatachannel/deps/usrsctp/usrsctplib/netinet/sctp_input.c:5914:4: note: in expansion of macro 'SCTP_SNPRINTF'
[INFO] [stderr]    5914 |    SCTP_SNPRINTF(msg, sizeof(msg), "OOTB, %s:%d at %s", __FILE__, __LINE__, __func__);
[INFO] [stderr]         |    ^~~~~~~~~~~~~
[INFO] [stderr]   /opt/rustwide/cargo-home/registry/src/github.com-1ecc6299db9ec823/datachannel-sys-0.8.0/libdatachannel/deps/usrsctp/usrsctplib/netinet/sctp_os_userspace.h:809:6: note: 'snprintf' output between 163 and 191 bytes into a destination of size 128
[INFO] [stderr]     809 |  if (snprintf(data, __VA_ARGS__) < 0) {     \
[INFO] [stderr]         |      ^~~~~~~~~~~~~~~~~~~~~~~~~~~
[INFO] [stderr]   /opt/rustwide/cargo-home/registry/src/github.com-1ecc6299db9ec823/datachannel-sys-0.8.0/libdatachannel/deps/usrsctp/usrsctplib/netinet/sctp_input.c:5914:4: note: in expansion of macro 'SCTP_SNPRINTF'
[INFO] [stderr]    5914 |    SCTP_SNPRINTF(msg, sizeof(msg), "OOTB, %s:%d at %s", __FILE__, __LINE__, __func__);
[INFO] [stderr]         |    ^~~~~~~~~~~~~
[INFO] [stderr]   /opt/rustwide/cargo-home/registry/src/github.com-1ecc6299db9ec823/datachannel-sys-0.8.0/libdatachannel/deps/usrsctp/usrsctplib/netinet/sctp_os_userspace.h:809:6: warning: '%s' directive output truncated writing 147 bytes into a region of size 122 [-Wformat-truncation=]
[INFO] [stderr]     809 |  if (snprintf(data, __VA_ARGS__) < 0) {     \
[INFO] [stderr]         |      ^~~~~~~~~~~~~~~~~~~~~~~~~~~
[INFO] [stderr]   /opt/rustwide/cargo-home/registry/src/github.com-1ecc6299db9ec823/datachannel-sys-0.8.0/libdatachannel/deps/usrsctp/usrsctplib/netinet/sctp_input.c:5997:4: note: in expansion of macro 'SCTP_SNPRINTF'
[INFO] [stderr]    5997 |    SCTP_SNPRINTF(msg, sizeof(msg), "OOTB, %s:%d at %s", __FILE__, __LINE__, __func__);
[INFO] [stderr]         |    ^~~~~~~~~~~~~
[INFO] [stderr]   /opt/rustwide/cargo-home/registry/src/github.com-1ecc6299db9ec823/datachannel-sys-0.8.0/libdatachannel/deps/usrsctp/usrsctplib/netinet/sctp_os_userspace.h:809:6: note: 'snprintf' output between 163 and 191 bytes into a destination of size 128
[INFO] [stderr]     809 |  if (snprintf(data, __VA_ARGS__) < 0) {     \
[INFO] [stderr]         |      ^~~~~~~~~~~~~~~~~~~~~~~~~~~
[INFO] [stderr]   /opt/rustwide/cargo-home/registry/src/github.com-1ecc6299db9ec823/datachannel-sys-0.8.0/libdatachannel/deps/usrsctp/usrsctplib/netinet/sctp_input.c:5997:4: note: in expansion of macro 'SCTP_SNPRINTF'
[INFO] [stderr]    5997 |    SCTP_SNPRINTF(msg, sizeof(msg), "OOTB, %s:%d at %s", __FILE__, __LINE__, __func__);
[INFO] [stderr]         |    ^~~~~~~~~~~~~
[INFO] [stderr]   /opt/rustwide/cargo-home/registry/src/github.com-1ecc6299db9ec823/datachannel-sys-0.8.0/libdatachannel/deps/usrsctp/usrsctplib/netinet/sctp_os_userspace.h:809:6: warning: '%s' directive output truncated writing 147 bytes into a region of size 122 [-Wformat-truncation=]
[INFO] [stderr]     809 |  if (snprintf(data, __VA_ARGS__) < 0) {     \
[INFO] [stderr]         |      ^~~~~~~~~~~~~~~~~~~~~~~~~~~
[INFO] [stderr]   /opt/rustwide/cargo-home/registry/src/github.com-1ecc6299db9ec823/datachannel-sys-0.8.0/libdatachannel/deps/usrsctp/usrsctplib/netinet/sctp_input.c:6083:4: note: in expansion of macro 'SCTP_SNPRINTF'
[INFO] [stderr]    6083 |    SCTP_SNPRINTF(msg, sizeof(msg), "OOTB, %s:%d at %s", __FILE__, __LINE__, __func__);
[INFO] [stderr]         |    ^~~~~~~~~~~~~
[INFO] [stderr]   /opt/rustwide/cargo-home/registry/src/github.com-1ecc6299db9ec823/datachannel-sys-0.8.0/libdatachannel/deps/usrsctp/usrsctplib/netinet/sctp_os_userspace.h:809:6: note: 'snprintf' output between 163 and 191 bytes into a destination of size 128
[INFO] [stderr]     809 |  if (snprintf(data, __VA_ARGS__) < 0) {     \
[INFO] [stderr]         |      ^~~~~~~~~~~~~~~~~~~~~~~~~~~
[INFO] [stderr]   /opt/rustwide/cargo-home/registry/src/github.com-1ecc6299db9ec823/datachannel-sys-0.8.0/libdatachannel/deps/usrsctp/usrsctplib/netinet/sctp_input.c:6083:4: note: in expansion of macro 'SCTP_SNPRINTF'
[INFO] [stderr]    6083 |    SCTP_SNPRINTF(msg, sizeof(msg), "OOTB, %s:%d at %s", __FILE__, __LINE__, __func__);
[INFO] [stderr]         |    ^~~~~~~~~~~~~
[INFO] [stderr]   In file included from /opt/rustwide/cargo-home/registry/src/github.com-1ecc6299db9ec823/datachannel-sys-0.8.0/libdatachannel/deps/usrsctp/usrsctplib/netinet/sctp_os.h:74,
[INFO] [stderr]                    from /opt/rustwide/cargo-home/registry/src/github.com-1ecc6299db9ec823/datachannel-sys-0.8.0/libdatachannel/deps/usrsctp/usrsctplib/netinet/sctp_output.c:40:
[INFO] [stderr]   /opt/rustwide/cargo-home/registry/src/github.com-1ecc6299db9ec823/datachannel-sys-0.8.0/libdatachannel/deps/usrsctp/usrsctplib/netinet/sctp_output.c: In function 'sctp_send_initiate_ack':
[INFO] [stderr]   /opt/rustwide/cargo-home/registry/src/github.com-1ecc6299db9ec823/datachannel-sys-0.8.0/libdatachannel/deps/usrsctp/usrsctplib/netinet/sctp_os_userspace.h:809:6: warning: '%s' directive output truncated writing 148 bytes into a region of size 128 [-Wformat-truncation=]
[INFO] [stderr]     809 |  if (snprintf(data, __VA_ARGS__) < 0) {     \
[INFO] [stderr]         |      ^~~~~~~~~~~~~~~~~~~~~~~~~~~
[INFO] [stderr]   /opt/rustwide/cargo-home/registry/src/github.com-1ecc6299db9ec823/datachannel-sys-0.8.0/libdatachannel/deps/usrsctp/usrsctplib/netinet/sctp_output.c:6020:4: note: in expansion of macro 'SCTP_SNPRINTF'
[INFO] [stderr]    6020 |    SCTP_SNPRINTF(msg, sizeof(msg), "%s:%d at %s", __FILE__, __LINE__, __func__);
[INFO] [stderr]         |    ^~~~~~~~~~~~~
[INFO] [stderr]   /opt/rustwide/cargo-home/registry/src/github.com-1ecc6299db9ec823/datachannel-sys-0.8.0/libdatachannel/deps/usrsctp/usrsctplib/netinet/sctp_os_userspace.h:809:6: note: 'snprintf' output between 158 and 180 bytes into a destination of size 128
[INFO] [stderr]     809 |  if (snprintf(data, __VA_ARGS__) < 0) {     \
[INFO] [stderr]         |      ^~~~~~~~~~~~~~~~~~~~~~~~~~~
[INFO] [stderr]   /opt/rustwide/cargo-home/registry/src/github.com-1ecc6299db9ec823/datachannel-sys-0.8.0/libdatachannel/deps/usrsctp/usrsctplib/netinet/sctp_output.c:6020:4: note: in expansion of macro 'SCTP_SNPRINTF'
[INFO] [stderr]    6020 |    SCTP_SNPRINTF(msg, sizeof(msg), "%s:%d at %s", __FILE__, __LINE__, __func__);
[INFO] [stderr]         |    ^~~~~~~~~~~~~
[INFO] [stderr]   /opt/rustwide/cargo-home/registry/src/github.com-1ecc6299db9ec823/datachannel-sys-0.8.0/libdatachannel/deps/usrsctp/usrsctplib/netinet/sctp_output.c: In function 'sctp_sendall_iterator':
[INFO] [stderr]   /opt/rustwide/cargo-home/registry/src/github.com-1ecc6299db9ec823/datachannel-sys-0.8.0/libdatachannel/deps/usrsctp/usrsctplib/netinet/sctp_os_userspace.h:809:6: warning: '%s' directive output truncated writing 148 bytes into a region of size 128 [-Wformat-truncation=]
[INFO] [stderr]     809 |  if (snprintf(data, __VA_ARGS__) < 0) {     \
[INFO] [stderr]         |      ^~~~~~~~~~~~~~~~~~~~~~~~~~~
[INFO] [stderr]   /opt/rustwide/cargo-home/registry/src/github.com-1ecc6299db9ec823/datachannel-sys-0.8.0/libdatachannel/deps/usrsctp/usrsctplib/netinet/sctp_output.c:7271:7: note: in expansion of macro 'SCTP_SNPRINTF'
[INFO] [stderr]    7271 |       SCTP_SNPRINTF(msg, sizeof(msg),
[INFO] [stderr]         |       ^~~~~~~~~~~~~
[INFO] [stderr]   /opt/rustwide/cargo-home/registry/src/github.com-1ecc6299db9ec823/datachannel-sys-0.8.0/libdatachannel/deps/usrsctp/usrsctplib/netinet/sctp_os_userspace.h:809:6: note: 'snprintf' output between 158 and 179 bytes into a destination of size 128
[INFO] [stderr]     809 |  if (snprintf(data, __VA_ARGS__) < 0) {     \
[INFO] [stderr]         |      ^~~~~~~~~~~~~~~~~~~~~~~~~~~
[INFO] [stderr]   /opt/rustwide/cargo-home/registry/src/github.com-1ecc6299db9ec823/datachannel-sys-0.8.0/libdatachannel/deps/usrsctp/usrsctplib/netinet/sctp_output.c:7271:7: note: in expansion of macro 'SCTP_SNPRINTF'
[INFO] [stderr]    7271 |       SCTP_SNPRINTF(msg, sizeof(msg),
[INFO] [stderr]         |       ^~~~~~~~~~~~~
[INFO] [stderr]   /opt/rustwide/cargo-home/registry/src/github.com-1ecc6299db9ec823/datachannel-sys-0.8.0/libdatachannel/deps/usrsctp/usrsctplib/netinet/sctp_output.c: In function 'sctp_lower_sosend':
[INFO] [stderr]   /opt/rustwide/cargo-home/registry/src/github.com-1ecc6299db9ec823/datachannel-sys-0.8.0/libdatachannel/deps/usrsctp/usrsctplib/netinet/sctp_os_userspace.h:809:6: warning: '%s' directive output truncated writing 148 bytes into a region of size 128 [-Wformat-truncation=]
[INFO] [stderr]     809 |  if (snprintf(data, __VA_ARGS__) < 0) {     \
[INFO] [stderr]         |      ^~~~~~~~~~~~~~~~~~~~~~~~~~~
[INFO] [stderr]   /opt/rustwide/cargo-home/registry/src/github.com-1ecc6299db9ec823/datachannel-sys-0.8.0/libdatachannel/deps/usrsctp/usrsctplib/netinet/sctp_output.c:14633:6: note: in expansion of macro 'SCTP_SNPRINTF'
[INFO] [stderr]   14633 |      SCTP_SNPRINTF(msg, sizeof(msg),
[INFO] [stderr]         |      ^~~~~~~~~~~~~
[INFO] [stderr]   /opt/rustwide/cargo-home/registry/src/github.com-1ecc6299db9ec823/datachannel-sys-0.8.0/libdatachannel/deps/usrsctp/usrsctplib/netinet/sctp_os_userspace.h:809:6: note: 'snprintf' output between 159 and 176 bytes into a destination of size 128
[INFO] [stderr]     809 |  if (snprintf(data, __VA_ARGS__) < 0) {     \
[INFO] [stderr]         |      ^~~~~~~~~~~~~~~~~~~~~~~~~~~
[INFO] [stderr]   /opt/rustwide/cargo-home/registry/src/github.com-1ecc6299db9ec823/datachannel-sys-0.8.0/libdatachannel/deps/usrsctp/usrsctplib/netinet/sctp_output.c:14633:6: note: in expansion of macro 'SCTP_SNPRINTF'
[INFO] [stderr]   14633 |      SCTP_SNPRINTF(msg, sizeof(msg),
[INFO] [stderr]         |      ^~~~~~~~~~~~~
[INFO] [stderr]   In file included from /opt/rustwide/cargo-home/registry/src/github.com-1ecc6299db9ec823/datachannel-sys-0.8.0/libdatachannel/deps/usrsctp/usrsctplib/netinet/sctp_os.h:74,
[INFO] [stderr]                    from /opt/rustwide/cargo-home/registry/src/github.com-1ecc6299db9ec823/datachannel-sys-0.8.0/libdatachannel/deps/usrsctp/usrsctplib/netinet/sctp_pcb.c:40:
[INFO] [stderr]   /opt/rustwide/cargo-home/registry/src/github.com-1ecc6299db9ec823/datachannel-sys-0.8.0/libdatachannel/deps/usrsctp/usrsctplib/netinet/sctp_pcb.c: In function 'sctp_load_addresses_from_init':
[INFO] [stderr]   /opt/rustwide/cargo-home/registry/src/github.com-1ecc6299db9ec823/datachannel-sys-0.8.0/libdatachannel/deps/usrsctp/usrsctplib/netinet/sctp_os_userspace.h:809:6: warning: '%s' directive output truncated writing 145 bytes into a region of size 128 [-Wformat-truncation=]
[INFO] [stderr]     809 |  if (snprintf(data, __VA_ARGS__) < 0) {     \
[INFO] [stderr]         |      ^~~~~~~~~~~~~~~~~~~~~~~~~~~
[INFO] [stderr]   /opt/rustwide/cargo-home/registry/src/github.com-1ecc6299db9ec823/datachannel-sys-0.8.0/libdatachannel/deps/usrsctp/usrsctplib/netinet/sctp_pcb.c:7270:8: note: in expansion of macro 'SCTP_SNPRINTF'
[INFO] [stderr]    7270 |        SCTP_SNPRINTF(msg, sizeof(msg),
[INFO] [stderr]         |        ^~~~~~~~~~~~~
[INFO] [stderr]   /opt/rustwide/cargo-home/registry/src/github.com-1ecc6299db9ec823/datachannel-sys-0.8.0/libdatachannel/deps/usrsctp/usrsctplib/netinet/sctp_os_userspace.h:809:6: note: 'snprintf' output between 155 and 184 bytes into a destination of size 128
[INFO] [stderr]     809 |  if (snprintf(data, __VA_ARGS__) < 0) {     \
[INFO] [stderr]         |      ^~~~~~~~~~~~~~~~~~~~~~~~~~~
[INFO] [stderr]   /opt/rustwide/cargo-home/registry/src/github.com-1ecc6299db9ec823/datachannel-sys-0.8.0/libdatachannel/deps/usrsctp/usrsctplib/netinet/sctp_pcb.c:7270:8: note: in expansion of macro 'SCTP_SNPRINTF'
[INFO] [stderr]    7270 |        SCTP_SNPRINTF(msg, sizeof(msg),
[INFO] [stderr]         |        ^~~~~~~~~~~~~
[INFO] [stderr]   /opt/rustwide/cargo-home/registry/src/github.com-1ecc6299db9ec823/datachannel-sys-0.8.0/libdatachannel/deps/usrsctp/usrsctplib/netinet/sctp_os_userspace.h:809:6: warning: '%s' directive output truncated writing 145 bytes into a region of size 128 [-Wformat-truncation=]
[INFO] [stderr]     809 |  if (snprintf(data, __VA_ARGS__) < 0) {     \
[INFO] [stderr]         |      ^~~~~~~~~~~~~~~~~~~~~~~~~~~
[INFO] [stderr]   /opt/rustwide/cargo-home/registry/src/github.com-1ecc6299db9ec823/datachannel-sys-0.8.0/libdatachannel/deps/usrsctp/usrsctplib/netinet/sctp_pcb.c:7176:8: note: in expansion of macro 'SCTP_SNPRINTF'
[INFO] [stderr]    7176 |        SCTP_SNPRINTF(msg, sizeof(msg),
[INFO] [stderr]         |        ^~~~~~~~~~~~~
[INFO] [stderr]   /opt/rustwide/cargo-home/registry/src/github.com-1ecc6299db9ec823/datachannel-sys-0.8.0/libdatachannel/deps/usrsctp/usrsctplib/netinet/sctp_os_userspace.h:809:6: note: 'snprintf' output between 155 and 184 bytes into a destination of size 128
[INFO] [stderr]     809 |  if (snprintf(data, __VA_ARGS__) < 0) {     \
[INFO] [stderr]         |      ^~~~~~~~~~~~~~~~~~~~~~~~~~~
[INFO] [stderr]   /opt/rustwide/cargo-home/registry/src/github.com-1ecc6299db9ec823/datachannel-sys-0.8.0/libdatachannel/deps/usrsctp/usrsctplib/netinet/sctp_pcb.c:7176:8: note: in expansion of macro 'SCTP_SNPRINTF'
[INFO] [stderr]    7176 |        SCTP_SNPRINTF(msg, sizeof(msg),
[INFO] [stderr]         |        ^~~~~~~~~~~~~
[INFO] [stderr]   c++: fatal error: Killed signal terminated program cc1plus
[INFO] [stderr]   compilation terminated.
[INFO] [stderr]   make[2]: *** [CMakeFiles/datachannel.dir/build.make:115: CMakeFiles/datachannel.dir/src/datachannel.cpp.o] Error 1
[INFO] [stderr]   make[2]: *** Waiting for unfinished jobs....
[INFO] [stderr]   c++: fatal error: Killed signal terminated program cc1plus
[INFO] [stderr]   compilation terminated.
[INFO] [stderr]   make[2]: *** [CMakeFiles/datachannel.dir/build.make:206: CMakeFiles/datachannel.dir/src/peerconnection.cpp.o] Error 1
[INFO] [stderr]   c++: fatal error: Killed signal terminated program cc1plus
[INFO] [stderr]   compilation terminated.
[INFO] [stderr]   make[2]: *** [CMakeFiles/datachannel.dir/build.make:180: CMakeFiles/datachannel.dir/src/init.cpp.o] Error 1
[INFO] [stderr]   make[1]: *** [CMakeFiles/Makefile2:245: CMakeFiles/datachannel.dir/all] Error 2
[INFO] [stderr]   make: *** [Makefile:130: all] Error 2
[INFO] [stderr]   thread 'main' panicked at '
[INFO] [stderr]   command did not execute successfully, got: exit code: 2
[INFO] [stderr] 
[INFO] [stderr]   build script failed, must exit now', /opt/rustwide/cargo-home/registry/src/github.com-1ecc6299db9ec823/cmake-0.1.44/src/lib.rs:885:5
[INFO] [stderr]   stack backtrace:
[INFO] [stderr]      0:     0x55b89b9cb7b0 - std::backtrace_rs::backtrace::libunwind::trace::h452faf99f32e7c93
[INFO] [stderr]                                  at /rustc/72f88fc4e9458f89516a0b8b0868f3718aec5b47/library/std/src/../../backtrace/src/backtrace/libunwind.rs:96
[INFO] [stderr]      1:     0x55b89b9cb7b0 - std::backtrace_rs::backtrace::trace_unsynchronized::he40edc71437667a1
[INFO] [stderr]                                  at /rustc/72f88fc4e9458f89516a0b8b0868f3718aec5b47/library/std/src/../../backtrace/src/backtrace/mod.rs:66
[INFO] [stderr]      2:     0x55b89b9cb7b0 - std::sys_common::backtrace::_print_fmt::h6c51d6ade71f46bf
[INFO] [stderr]                                  at /rustc/72f88fc4e9458f89516a0b8b0868f3718aec5b47/library/std/src/sys_common/backtrace.rs:79
[INFO] [stderr]      3:     0x55b89b9cb7b0 - <std::sys_common::backtrace::_print::DisplayBacktrace as core::fmt::Display>::fmt::h3cd15d7003dec37a
[INFO] [stderr]                                  at /rustc/72f88fc4e9458f89516a0b8b0868f3718aec5b47/library/std/src/sys_common/backtrace.rs:58
[INFO] [stderr]      4:     0x55b89b9f1efc - core::fmt::write::h1857a60b204f1b6a
[INFO] [stderr]                                  at /rustc/72f88fc4e9458f89516a0b8b0868f3718aec5b47/library/core/src/fmt/mod.rs:1080
[INFO] [stderr]      5:     0x55b89b9c7d27 - std::io::Write::write_fmt::hac61caff894c35ae
[INFO] [stderr]                                  at /rustc/72f88fc4e9458f89516a0b8b0868f3718aec5b47/library/std/src/io/mod.rs:1517
[INFO] [stderr]      6:     0x55b89b9ce3b0 - std::sys_common::backtrace::_print::haa2f390fb7957e3e
[INFO] [stderr]                                  at /rustc/72f88fc4e9458f89516a0b8b0868f3718aec5b47/library/std/src/sys_common/backtrace.rs:61
[INFO] [stderr]      7:     0x55b89b9ce3b0 - std::sys_common::backtrace::print::h48c7cbbad9013bb1
[INFO] [stderr]                                  at /rustc/72f88fc4e9458f89516a0b8b0868f3718aec5b47/library/std/src/sys_common/backtrace.rs:48
[INFO] [stderr]      8:     0x55b89b9ce3b0 - std::panicking::default_hook::{{closure}}::h8b7ff05a31e71d55
[INFO] [stderr]                                  at /rustc/72f88fc4e9458f89516a0b8b0868f3718aec5b47/library/std/src/panicking.rs:208
[INFO] [stderr]      9:     0x55b89b9ce0fc - std::panicking::default_hook::h2f00c78800d98e4c
[INFO] [stderr]                                  at /rustc/72f88fc4e9458f89516a0b8b0868f3718aec5b47/library/std/src/panicking.rs:227
[INFO] [stderr]     10:     0x55b89b9cea13 - std::panicking::rust_panic_with_hook::h4eaa635e4694aef3
[INFO] [stderr]                                  at /rustc/72f88fc4e9458f89516a0b8b0868f3718aec5b47/library/std/src/panicking.rs:577
[INFO] [stderr]     11:     0x55b89b9ce5e9 - std::panicking::begin_panic_handler::{{closure}}::hec242f1b136b5ff2
[INFO] [stderr]                                  at /rustc/72f88fc4e9458f89516a0b8b0868f3718aec5b47/library/std/src/panicking.rs:484
[INFO] [stderr]     12:     0x55b89b9cbc1c - std::sys_common::backtrace::__rust_end_short_backtrace::h1f3cc383ee6c0374
[INFO] [stderr]                                  at /rustc/72f88fc4e9458f89516a0b8b0868f3718aec5b47/library/std/src/sys_common/backtrace.rs:153
[INFO] [stderr]     13:     0x55b89b9ce5a9 - rust_begin_unwind
[INFO] [stderr]                                  at /rustc/72f88fc4e9458f89516a0b8b0868f3718aec5b47/library/std/src/panicking.rs:483
[INFO] [stderr]     14:     0x55b89b9ce55b - std::panicking::begin_panic_fmt::hebfdcd945bbd27b1
[INFO] [stderr]                                  at /rustc/72f88fc4e9458f89516a0b8b0868f3718aec5b47/library/std/src/panicking.rs:437
[INFO] [stderr]     15:     0x55b89b957ef7 - cmake::fail::h5ac34a445f962f17
[INFO] [stderr]                                  at /opt/rustwide/cargo-home/registry/src/github.com-1ecc6299db9ec823/cmake-0.1.44/src/lib.rs:885
[INFO] [stderr]     16:     0x55b89b95783c - cmake::run::hdae76e59475531dd
[INFO] [stderr]                                  at /opt/rustwide/cargo-home/registry/src/github.com-1ecc6299db9ec823/cmake-0.1.44/src/lib.rs:863
[INFO] [stderr]     17:     0x55b89b953fab - cmake::Config::build::h1f94ac9664857d70
[INFO] [stderr]                                  at /opt/rustwide/cargo-home/registry/src/github.com-1ecc6299db9ec823/cmake-0.1.44/src/lib.rs:769
[INFO] [stderr]     18:     0x55b89b3f22b4 - build_script_build::main::h74a53a74ed91e43d
[INFO] [stderr]                                  at /opt/rustwide/cargo-home/registry/src/github.com-1ecc6299db9ec823/datachannel-sys-0.8.0/build.rs:20
[INFO] [stderr]     19:     0x55b89b3f30fb - core::ops::function::FnOnce::call_once::hc9619d4ec56ddd2a
[INFO] [stderr]                                  at /rustc/72f88fc4e9458f89516a0b8b0868f3718aec5b47/library/core/src/ops/function.rs:227
[INFO] [stderr]     20:     0x55b89b3f353e - std::sys_common::backtrace::__rust_begin_short_backtrace::h51eddb9ec414e93a
[INFO] [stderr]                                  at /rustc/72f88fc4e9458f89516a0b8b0868f3718aec5b47/library/std/src/sys_common/backtrace.rs:137
[INFO] [stderr]     21:     0x55b89b3f2ef1 - std::rt::lang_start::{{closure}}::h16e436f63dd9efd3
[INFO] [stderr]                                  at /rustc/72f88fc4e9458f89516a0b8b0868f3718aec5b47/library/std/src/rt.rs:66
[INFO] [stderr]     22:     0x55b89b9ceee1 - core::ops::function::impls::<impl core::ops::function::FnOnce<A> for &F>::call_once::hecc21eb9018cc197
[INFO] [stderr]                                  at /rustc/72f88fc4e9458f89516a0b8b0868f3718aec5b47/library/core/src/ops/function.rs:259
[INFO] [stderr]     23:     0x55b89b9ceee1 - std::panicking::try::do_call::h174ad655d084b5c7
[INFO] [stderr]                                  at /rustc/72f88fc4e9458f89516a0b8b0868f3718aec5b47/library/std/src/panicking.rs:381
[INFO] [stderr]     24:     0x55b89b9ceee1 - std::panicking::try::h479e6054ce28de10
[INFO] [stderr]                                  at /rustc/72f88fc4e9458f89516a0b8b0868f3718aec5b47/library/std/src/panicking.rs:345
[INFO] [stderr]     25:     0x55b89b9ceee1 - std::panic::catch_unwind::hb558ddea2b3e9c45
[INFO] [stderr]                                  at /rustc/72f88fc4e9458f89516a0b8b0868f3718aec5b47/library/std/src/panic.rs:382
[INFO] [stderr]     26:     0x55b89b9ceee1 - std::rt::lang_start_internal::h163149047f0a8b61
[INFO] [stderr]                                  at /rustc/72f88fc4e9458f89516a0b8b0868f3718aec5b47/library/std/src/rt.rs:51
[INFO] [stderr]     27:     0x55b89b3f2ec7 - std::rt::lang_start::h0a95b5bc923f1359
[INFO] [stderr]                                  at /rustc/72f88fc4e9458f89516a0b8b0868f3718aec5b47/library/std/src/rt.rs:65
[INFO] [stderr]     28:     0x55b89b3f26fa - main
[INFO] [stderr]     29:     0x7fa07bdd90b3 - __libc_start_main
[INFO] [stderr]     30:     0x55b89b3f20de - _start
[INFO] [stderr]     31:                0x0 - <unknown>
[INFO] running `Command { std: "docker" "inspect" "332c96dbd8c27c94080ccb0fce6921df50a30d2f988e1ea7321573264e0d465f", kill_on_drop: false }`
[INFO] running `Command { std: "docker" "rm" "-f" "332c96dbd8c27c94080ccb0fce6921df50a30d2f988e1ea7321573264e0d465f", kill_on_drop: false }`
[INFO] [stdout] 332c96dbd8c27c94080ccb0fce6921df50a30d2f988e1ea7321573264e0d465f
